*z + 28389. Calculate h(29).
56
Let t(y) = -10*y**2 + 774*y - 4283. What is t(6)?
1
Let n(z) = 14*z**2 + 1026*z - 743. What is n(-74)?
-3
Let y(g) = 7*g**2 - 320*g + 2064. Determine y(8).
-48
Let o(k) = 22*k - 3760. Calculate o(156).
-328
Let u(h) = -11*h**2 + 3961*h - 27588. Determine u(353).
-54
Let b(a) = 1541*a**2 + 7718*a + 68. Determine b(-5).
3
Let n(a) = -28*a**2 + 269*a + 268. Calculate n(-1).
-29
Let z(g) = 3*g**3 + 262*g**2 - 239*g - 28422. Give z(-87).
-60
Let r(y) = 10127*y - 60667. Determine r(6).
95
Let t(y) = -556*y**2 - 613*y - 608. Calculate t(-1).
-551
Let s(v) = 2*v**3 - 206*v**2 - 271*v + 6537. Determine s(104).
-15
Let u(l) = -397*l - 11928. Determine u(-30).
-18
Let i(u) = 633*u + 849. What is i(-1)?
216
Let k(u) = 1318*u + 36911. Determine k(-28).
7
Let h(x) = -9*x**2 - 562*x + 131. Give h(-60).
1451
Let c(q) = -q**2 - 132*q + 83860. What is c(231)?
7
Let s(x) = 4*x**2 - 593*x - 2894. Calculate s(153).
13
Let v(s) = s**3 - 148*s**2 - 295*s - 461. Give v(150).
289
Let j(t) = 34*t**2 - 2050*t + 558. Calculate j(60).
-42
Let u(c) = 5526*c - 5521. What is u(1)?
5
Let p(q) = 96*q**3 - 390*q**2 + 2*q + 46. What is p(4)?
-42
Let a(n) = 12*n**2 + 695*n - 9155. Calculate a(-69).
22
Let m(l) = 4*l**2 - 478*l + 2760. Give m(6).
36
Let i(l) = 11*l**3 + 45*l**2 - 47*l - 45. What is i(-1)?
36
Let x(j) = -j**2 + 4069*j - 20331. What is x(5)?
-11
Let x(s) = s**2 + 1676*s + 176608. What is x(-1563)?
-11
Let l(n) = -576*n + 549. What is l(1)?
-27
Let g(u) = -4385*u + 4489. Calculate g(1).
104
Let b(h) = 2*h**3 + 212*h**2 + 1766*h + 1917. Determine b(-97).
-23
Let j(o) = -o**2 - 229*o + 213981. Determine j(362).
39
Let s(a) = -2932*a + 67194. Give s(23).
-242
Let b(c) = 2*c**2 + 126*c - 4869. Calculate b(-90).
-9
Let h(b) = -3*b**3 + 49*b**2 + 314*b - 405. What is h(21)?
15
Let w(k) = -k**2 + 383013*k + 79. Give w(0).
79
Let x(b) = -36*b - 4980. Calculate x(-146).
276
Let w(f) = -87689*f - 5349034. What is w(-61)?
-5
Let u(p) = 3*p**3 - 56*p**2 + 8*p + 176. Calculate u(0).
176
Let d(a) = a**2 - 2570*a - 139022. Determine d(-53).
-3
Let d(c) = 14*c**2 - 199*c + 571. Calculate d(8).
-125
Let p(l) = -8*l**3 - 47*l**2 - 208*l - 466. Determine p(-4).
126
Let s(u) = u**3 - 37*u**2 + 22*u + 1680. What is s(35)?
0
Let h(s) = 3059*s + 2920. Determine h(-1).
-139
Let q(h) = 117*h**2 + 537*h + 102. Determine q(-4).
-174
Let r(m) = 4517918*m + 5. What is r(0)?
5
Let f(y) = 12924*y + 943481. Determine f(-73).
29
Let g(p) = 176936*p + 6369709. Calculate g(-36).
13
Let d(l) = -47792*l + 382399. Determine d(8).
63
Let a(q) = 456*q - 139492. Determine a(306).
44
Let l(k) = -112*k + 14440. Give l(122).
776
Let m(v) = 36*v**2 - 278*v - 2014. Calculate m(-7).
1696
Let v(f) = 2238*f - 8684. Determine v(4).
268
Let w(r) = 4346*r - 1116981. Determine w(257).
-59
Let a(x) = -64*x - 7619. Determine a(-122).
189
Let m(k) = 5*k**2 + 161*k - 888. Calculate m(6).
258
Let g(y) = 2*y**3 + 71*y**2 - 126*y - 611. What is g(-37)?
-56
Let i(y) = 2*y**3 + 154*y**2 - 150*y + 181. Determine i(-78).
-287
Let i(m) = -9509*m + 104566. Give i(11).
-33
Let o(i) = 319*i - 77436. Give o(247).
1357
Let i(p) = p**3 + 1171*p**2 - 2345*p + 1156. Give i(-1173).
-17
Let j(w) = -2*w**3 - 251*w**2 + 362*w - 2412. Determine j(-127).
1
Let c(b) = -32411*b - 226779. Give c(-7).
98
Let j(a) = 52*a**2 - 539*a + 985. What is j(8)?
1
Let n(p) = 2*p**3 + 21*p**2 + 83*p + 40. What is n(-9)?
-464
Let t(b) = -2*b**3 - 369*b**2 + 151*b - 6283. Calculate t(-185).
7
Let m(q) = 432*q**2 + 458*q + 1. What is m(2)?
2645
Let z(b) = -b**3 - 7*b**2 - 307*b - 11. Give z(-14).
5659
Let w(l) = l**3 - 844*l**2 - 94392*l - 7559. Determine w(944).
-7
Let o(u) = 5*u**2 - 282*u + 2983. What is o(14)?
15
Let u(d) = 332*d**3 + 1988*d**2 - 13*d - 58. What is u(-6)?
-124
Let j(x) = 37459*x - 9. Determine j(0).
-9
Let f(p) = 2*p**3 - 160*p**2 + 1404*p - 8. Give f(10).
32
Let b(p) = -604*p + 8018. Determine b(13).
166
Let x(h) = h**3 - 27*h**2 - 50*h + 628. What is x(24)?
-2300
Let x(p) = -58556*p - 2869208. Determine x(-49).
36
Let d(s) = s**3 + 462*s**2 + 2162*s + 1307. Calculate d(-4).
-13
Let d(c) = 3*c**3 + 16*c**2 - 100*c - 1692. What is d(-8)?
-1404
Let y(h) = 2*h**3 - 36*h**2 - 69*h - 127. Determine y(20).
93
Let t(n) = -2250*n - 42764. Give t(-19).
-14
Let v(i) = 1620*i**2 + 11016*i + 34. Calculate v(-7).
2302
Let o(s) = 8801*s - 176087. Give o(20).
-67
Let u(i) = -15687*i + 78511. Calculate u(5).
76
Let k(i) = 27*i**2 + 4000*i - 39902. Calculate k(10).
2798
Let q(d) = -d**3 - 54*d**2 + 189*d + 169. Calculate q(-58).
2663
Let j(a) = 5548*a**2 - 49860*a - 644. Determine j(9).
4
Let x(j) = 31*j - 1083. Determine x(36).
33
Let w(x) = -x**3 - 330*x**2 + 399*x + 22506. Calculate w(-331).
-2
Let v(s) = -24221*s + 96778. Calculate v(4).
-106
Let a(l) = -2*l**3 - 2*l**2 + 47*l - 17. Give a(-9).
856
Let g(c) = -2*c**3 + 71*c**2 + 354*c + 231. Give g(40).
-9
Let n(v) = -5*v**2 + 143*v + 1475. Calculate n(-9).
-217
Let c(f) = -149*f**2 - 591*f - 590. What is c(-1)?
-148
Let s(d) = d**3 + 3*d**2 - 127*d + 364. What is s(7)?
-35
Let n(s) = -s**3 + 402*s**2 - 256*s - 58039. Determine n(401).
106
Let r(k) = 3202*k - 28983. Calculate r(9).
-165
Let v(c) = -c**2 - 380*c + 90698. Calculate v(166).
62
Let r(y) = -y**3 + 261*y**2 - 139*y + 146. Determine r(0).
146
Let x(s) = -671*s + 101320. Calculate x(151).
-1
Let p(r) = 5*r**3 + 53*r**2 + 151*r + 1971. Give p(-11).
68
Let q(z) = 9390*z - 234768. What is q(25)?
-18
Let p(w) = -570*w + 18624. Determine p(33).
-186
Let k(i) = -2*i**3 - 539*i**2 + 5302*i - 84. Determine k(-279).
-363
Let d(m) = -12152*m - 2454714. Calculate d(-202).
-10
Let a(s) = -2*s**2 - 51*s - 485. Determine a(-14).
-163
Let m(l) = -50810*l - 101604. What is m(-2)?
16
Let r(u) = 16223*u**2 - 8*u + 1. Calculate r(0).
1
Let t(h) = -153*h - 1715. What is t(-13)?
274
Let i(c) = -43941*c + 7338177. What is i(167)?
30
Let k(c) = -c**3 + 25*c**2 + 3878*c + 186. What is k(-51)?
84
Let o(x) = -x**3 - 23*x**2 + 120*x + 507. What is o(-4)?
-277
Let x(z) = -2252*z - 9099. Determine x(-4).
-91
Let w(n) = -6090*n**2 + 60904*n - 74. Give w(10).
-34
Let h(y) = -y**2 - 23636*y + 29829242. Calculate h(1201).
5
Let g(m) = -4565*m - 178065. Calculate g(-39).
-30
Let z(u) = 3593*u + 53907. Determine z(-15).
12
Let x(t) = -70*t**3 + 1271*t**2 - 31*t + 16. What is x(18)?
3022
Let z(g) = -9036*g + 117729. What is z(13)?
261
Let b(t) = -7*t**2 - 1872*t + 102379. Determine b(-314).
15
Let h(r) = 2*r**3 - r**2 + 399*r + 3076. What is h(-7)?
-452
Let b(l) = l**2 + 3534*l - 252442. Determine b(70).
-162
Let z(c) = -898*c + 53795. Determine z(60).
-85
Let w(j) = -6*j**2 + 126*j + 4217. Give w(-33).
-6475
Let t(p) = -36453*p + 255178. Determine t(7).
7
Let i(q) = -q**2 + 1598*q + 50247. What is i(-30)?
1407
Let x(p) = p**2 - 119*p - 10725. Calculate x(179).
15
Let j(c) = 2*c**2 + 374296*c + 1497196. Determine j(-4).
44
Let t(p) = 1052653*p - 10526535. Give t(10).
-5
Let i(s) = -311782*s - 3429391. Determine i(-11).
211
Let c(a) = -26*a**2 - 277*a - 481. Determine c(-11).
-580
Let f(o) = -o**3 + 11*o**2 - 606*o + 12027. Calculate f(17).
-9
Let l(j) = -j**3 + 2*j**2 + 6566*j + 341. What is l(-80)?
-139
Let m(x) = 238886*x - 238882. Give m(1).
4
Let k(p) = -p**3 - 123*p**2 + 234*p - 703. Determine k(-125).
1297
Let d(c) = -50329*c - 22950019. What is d(-456)?
5
Let f(n) = 758*n + 31833. Give f(-42).
-3
Let y(a) = 3*a**3 - 3*a**2 + 1567*a + 6377. Calculate y(-4).
-131
Let q(k) = 2825131*k - 5650260. Calculate q(2).
2
Let m(t) = -1115*t - 136056. Determine m(-122).
-26
Let p(v) = -5*v**2 - 55*v + 93. Calculate p(-7).
233
Let s(j) = 13461*j - 26971. Give s(2).
-49
Let b(h) = 2*h**2 + 281*h + 1017. Determine b(-137).
58
Let s(x) = 14*x**2 + 571*x + 5035. Calculate s(-13).
-22
Let y(w) = 2430*w + 9733. Determine y(-4).
13
Let o(v) = v**3 - 13*v**2 - 679*v + 6524. Calculate o(9).
89
Let q(c) = 1264*c - 15214. Calculate q(12).
-46
Let a(u) = -3*u**3 - 638*u**2 + 1910*u - 7. Determine a(3).
-100
Let t(g) = g**3 + 20*g**2 - 30*g + 255. Calculate t(-22).
-53
Let v(y) = -9*y**2 - 1252*y - 319. What is v(-139)?
-180
Let w(t) = -4*t**3 - 97*t**2 + 3009*t + 1142. Calculate w(-42).
8
Let a(q) = -q**3 - 3*q**2 + 95*q + 6. Calculate a(10).
-344
Let k(h) = -11*